{"id":82,"date":"2014-07-31T08:34:58","date_gmt":"2014-07-31T07:34:58","guid":{"rendered":"http:\/\/www.bruxaines.be\/?page_id=82"},"modified":"2025-09-10T20:44:50","modified_gmt":"2025-09-10T19:44:50","slug":"livre-outil-pour-laccompagnement-de-la-personne-handicapee-durant-sa-maladie","status":"publish","type":"page","link":"https:\/\/www.bruxaines.be\/?page_id=82","title":{"rendered":"Livre-Outil \u00ab\u00a0Comment vivre le temps de la maladie ?\u00a0\u00bb"},"content":{"rendered":"<p style=\"text-align: center;\"><a href=\"http:\/\/www.bruxaines.be\/wp-content\/uploads\/2014\/04\/Comment-vivre-le-temps-de-sa-maladie.jpg\"><img loading=\"lazy\" decoding=\"async\" class=\"aligncenter  wp-image-73\" src=\"http:\/\/www.bruxaines.be\/wp-content\/uploads\/2014\/04\/Comment-vivre-le-temps-de-sa-maladie.jpg\" alt=\"Comment vivre le temps de sa maladie\" width=\"316\" height=\"445\" srcset=\"https:\/\/www.bruxaines.be\/wp-content\/uploads\/2014\/04\/Comment-vivre-le-temps-de-sa-maladie.jpg 395w, https:\/\/www.bruxaines.be\/wp-content\/uploads\/2014\/04\/Comment-vivre-le-temps-de-sa-maladie-213x300.jpg 213w\" sizes=\"auto, (max-width: 316px) 100vw, 316px\" \/><\/a><\/p>\n<p style=\"text-align: justify;\">Ce livre-outil a \u00e9t\u00e9 pens\u00e9 et con\u00e7u pour aider l\u2019accompagnant et la personne en situation de handicap intellectuel \u00e0 marcher ensemble sur le chemin de la maladie.<\/p>\n<p style=\"text-align: justify;\">L\u2019outil est destin\u00e9 avant tout \u00e0 la personne en situation de handicap intellectuel qui a besoin de se pr\u00e9parer \u00e0 vivre le temps de sa maladie.<br \/>\nEt, si tel est le cas, \u00e0 se pr\u00e9parer \u00e0 vivre les derniers moments de sa vie.<\/p>\n<p style=\"text-align: justify;\">Il a \u00e9t\u00e9 \u00e9crit pour elle, en langage simple, dans le but de favoriser son expression et son autonomie dans son cheminement personnel.<\/p>\n<p style=\"text-align: justify;\">Mais c\u2019est avec <span style=\"text-decoration: underline;\">un indispensable accompagnement humain<\/span>, comp\u00e9tent et plein de sollicitude, qu\u2019elle pourra le parcourir et le compl\u00e9ter selon ses propres d\u00e9sirs et ses possibilit\u00e9s.<\/p>\n<p style=\"text-align: justify;\"><i>\u00ab Comment vivre le temps de la maladie\u00a0? Un chemin \u00e0 parcourir ensemble\u00a0\u00bb\u00a0<\/i>se pr\u00e9sente sous la forme d\u2019une farde \u00e9paisse contenant un guide pour l\u2019accompagnement et trois carnets distincts\u00a0:<br \/>\n&#8211;\u00a0\u00ab\u00a0Tu es tr\u00e8s malade\u00a0\u00bb<br \/>\n&#8211;\u00a0\u00ab\u00a0Si ta maladie s\u2019aggrave\u2026\u00a0\u00bb<br \/>\n&#8211;\u00a0\u00ab\u00a0Et si tu ne gu\u00e9ris pas\u00a0?\u00a0\u00bb<\/p>\n<p style=\"text-align: justify;\">Chaque carnet est superbement illustr\u00e9 par des aquarelles d\u2019artistes de qualit\u00e9 et laisse la place \u00e0 l\u2019expression libre, l\u2019\u00e9criture, le dessin ou le collage d\u2019images.<\/p>\n<p style=\"text-align: justify;\">Ces trois carnets peuvent \u00eatre utilis\u00e9s ind\u00e9pendamment les uns des autres, toujours en fonction de la situation d\u2019accompagnement rencontr\u00e9e.<\/p>\n<p style=\"text-align: justify;\"><span style=\"text-decoration: underline;\">Prix de la farde<\/span>\u00a0: 25 \u20ac<\/p>\n","protected":false},"excerpt":{"rendered":"<p>Ce livre-outil a \u00e9t\u00e9 pens\u00e9 et con\u00e7u pour aider l\u2019accompagnant et la personne en situation de handicap intellectuel \u00e0 marcher ensemble sur le chemin de la maladie. L\u2019outil est destin\u00e9 <a class=\"more-link\" href=\"https:\/\/www.bruxaines.be\/?page_id=82\">Lire la suite &rarr;<\/a><\/p>\n","protected":false},"author":3,"featured_media":0,"parent":0,"menu_order":0,"comment_status":"closed","ping_status":"open","template":"","meta":{"footnotes":""},"class_list":["post-82","page","type-page","status-publish","hentry"],"_links":{"self":[{"href":"https:\/\/www.bruxaines.be\/index.php?rest_route=\/wp\/v2\/pages\/82","targetHints":{"allow":["GET"]}}],"collection":[{"href":"https:\/\/www.bruxaines.be\/index.php?rest_route=\/wp\/v2\/pages"}],"about":[{"href":"https:\/\/www.bruxaines.be\/index.php?rest_route=\/wp\/v2\/types\/page"}],"author":[{"embeddable":true,"href":"https:\/\/www.bruxaines.be\/index.php?rest_route=\/wp\/v2\/users\/3"}],"replies":[{"embeddable":true,"href":"https:\/\/www.bruxaines.be\/index.php?rest_route=%2Fwp%2Fv2%2Fcomments&post=82"}],"version-history":[{"count":8,"href":"https:\/\/www.bruxaines.be\/index.php?rest_route=\/wp\/v2\/pages\/82\/revisions"}],"predecessor-version":[{"id":797,"href":"https:\/\/www.bruxaines.be\/index.php?rest_route=\/wp\/v2\/pages\/82\/revisions\/797"}],"wp:attachment":[{"href":"https:\/\/www.bruxaines.be\/index.php?rest_route=%2Fwp%2Fv2%2Fmedia&parent=82"}],"curies":[{"name":"wp","href":"https:\/\/api.w.org\/{rel}","templated":true}]}}

<p style="text-align: center;"><a href="http://www.bruxaines.be/wp-content/uploads/2014/04/Comment-vivre-le-temps-de-sa-maladie.jpg"><img loading="lazy" decoding="async" class="aligncenter  wp-image-73" src="http://www.bruxaines.be/wp-content/uploads/2014/04/Comment-vivre-le-temps-de-sa-maladie.jpg" alt="Comment vivre le temps de sa maladie" width="316" height="445" srcset="https://www.bruxaines.be/wp-content/uploads/2014/04/Comment-vivre-le-temps-de-sa-maladie.jpg 395w, https://www.bruxaines.be/wp-content/uploads/2014/04/Comment-vivre-le-temps-de-sa-maladie-213x300.jpg 213w" sizes="auto, (max-width: 316px) 100vw, 316px" /></a></p>
<p style="text-align: justify;">Ce livre-outil a été pensé et conçu pour aider l’accompagnant et la personne en situation de handicap intellectuel à marcher ensemble sur le chemin de la maladie.</p>
<p style="text-align: justify;">L’outil est destiné avant tout à la personne en situation de handicap intellectuel qui a besoin de se préparer à vivre le temps de sa maladie.<br />
Et, si tel est le cas, à se préparer à vivre les derniers moments de sa vie.</p>
<p style="text-align: justify;">Il a été écrit pour elle, en langage simple, dans le but de favoriser son expression et son autonomie dans son cheminement personnel.</p>
<p style="text-align: justify;">Mais c’est avec <span style="text-decoration: underline;">un indispensable accompagnement humain</span>, compétent et plein de sollicitude, qu’elle pourra le parcourir et le compléter selon ses propres désirs et ses possibilités.</p>
<p style="text-align: justify;"><i>« Comment vivre le temps de la maladie ? Un chemin à parcourir ensemble » </i>se présente sous la forme d’une farde épaisse contenant un guide pour l’accompagnement et trois carnets distincts :<br />
&#8211; « Tu es très malade »<br />
&#8211; « Si ta maladie s’aggrave… »<br />
&#8211; « Et si tu ne guéris pas ? »</p>
<p style="text-align: justify;">Chaque carnet est superbement illustré par des aquarelles d’artistes de qualité et laisse la place à l’expression libre, l’écriture, le dessin ou le collage d’images.</p>
<p style="text-align: justify;">Ces trois carnets peuvent être utilisés indépendamment les uns des autres, toujours en fonction de la situation d’accompagnement rencontrée.</p>
<p style="text-align: justify;"><span style="text-decoration: underline;">Prix de la farde</span> : 25 €</p>

<p>Ce livre-outil a été pensé et conçu pour aider l’accompagnant et la personne en situation de handicap intellectuel à marcher ensemble sur le chemin de la maladie. L’outil est destiné <a class="more-link" href="https://www.bruxaines.be/?page_id=82">Lire la suite &rarr;</a></p>
